he remainder when 459887 is divided by 91975.
12
What is the remainder when 8493 is divided by 8359?
134
What is the remainder when 200276 is divided by 3575?
76
What is the remainder when 17892834 is divided by 4473207?
6
Calculate the remainder when 579486 is divided by 10143.
1335
Calculate the remainder when 182758625 is divided by 13229.
13219
What is the remainder when 8684256 is divided by 1314?
30
What is the remainder when 3924175 is divided by 296?
103
Calculate the remainder when 89737413 is divided by 291.
288
Calculate the remainder when 53648015 is divided by 47.
6
Calculate the remainder when 989638 is divided by 989627.
11
What is the remainder when 64703231 is divided by 4736?
4735
Calculate the remainder when 8566820 is divided by 67.
66
What is the remainder when 3699638 is divided by 3737?
8
What is the remainder when 5243860 is divided by 8653?
142
Calculate the remainder when 1833853 is divided by 246.
169
Calculate the remainder when 4155651 is divided by 4155613.
38
Calculate the remainder when 10075549 is divided by 4148.
57
What is the remainder when 451394 is divided by 4431?
3863
Calculate the remainder when 199592 is divided by 199554.
38
What is the remainder when 1751800 is divided by 2835?
2605
What is the remainder when 677685 is divided by 677542?
143
Calculate the remainder when 63043635 is divided by 12608719.
40
What is the remainder when 155281399 is divided by 2048?
2039
What is the remainder when 25296886 is divided by 21?
13
What is the remainder when 55519027 is divided by 14309?
107
What is the remainder when 869142 is divided by 434542?
58
What is the remainder when 1003182 is divided by 40127?
7
What is the remainder when 266265 is divided by 66401?
661
What is the remainder when 37649102 is divided by 41?
32
Calculate the remainder when 47200142 is divided by 179.
169
What is the remainder when 22890853 is divided by 952?
13
What is the remainder when 66665 is divided by 142?
67
Calculate the remainder when 307112 is divided by 8772.
92
What is the remainder when 29433309 is divided by 10313?
7
Calculate the remainder when 56494173 is divided by 89.
88
Calculate the remainder when 6966383 is divided by 1741595.
3
Calculate the remainder when 289638 is divided by 1509.
1419
What is the remainder when 31959641 is divided by 764?
757
What is the remainder when 2664001 is divided by 84?
25
Calculate the remainder when 402836 is divided by 4078.
3192
What is the remainder when 22423 is divided by 3909?
2878
Calculate the remainder when 2769219 is divided by 1384595.
29
What is the remainder when 732793 is divided by 2517?
346
What is the remainder when 7879069 is divided by 4?
1
Calculate the remainder when 2127937 is divided by 3.
1
What is the remainder when 841852 is divided by 2365?
2277
What is the remainder when 1155050 is divided by 1155047?
3
What is the remainder when 1606493 is divided by 790?
423
Calculate the remainder when 18829043 is divided by 150.
143
What is the remainder when 2673987 is divided by 7706?
5
What is the remainder when 265852 is divided by 265826?
26
What is the remainder when 31746449 is divided by 4535196?
77
Calculate the remainder when 154201292 is divided by 136.
4
Calculate the remainder when 43947 is divided by 21772.
403
What is the remainder when 699708 is divided by 980?
968
What is the remainder when 3253006 is divided by 1533?
1513
Calculate the remainder when 1431030 is divided by 11.
7
What is the remainder when 646085 is divided by 15?
5
Calculate the remainder when 3164926 is divided by 846.
40
What is the remainder when 392360 is divided by 2763?
14
Calculate the remainder when 24907284 is divided by 154703.
101
What is the remainder when 3555935 is divided by 1777924?
87
What is the remainder when 128308 is divided by 25661?
3
Calculate the remainder when 2662090 is divided by 55460.
10
Calculate the remainder when 267796 is divided by 1201.
1174
What is the remainder when 89031995 is divided by 619?
606
What is the remainder when 9924449 is divided by 3317?
3302
Calculate the remainder when 167027 is divided by 54013.
4988
What is the remainder when 224093 is divided by 520?
493
Calculate the remainder when 5083710 is divided by 391038.
216
What is the remainder when 4654342 is divided by 9778?
14
What is the remainder when 216368 is divided by 397?
3
What is the remainder when 5295603 is divided by 2201?
2198
Calculate the remainder when 20053648 is divided by 31.
27
What is the remainder when 33246 is divided by 104?
70
What is the remainder when 4437129 is divided by 1087?
1082
Calculate the remainder when 208234926 is divided by 11.
9
Calculate the remainder when 83024096 is divided by 900.
896
Calculate the remainder when 9810013 is divided by 34.
27
Calculate the remainder when 1451057 is divided by 385.
377
What is the remainder when 1914227 is divided by 1278?
1061
Calculate the remainder when 669628 is divided by 10822.
9486
Calculate the remainder when 33500 is divided by 7566.
3236
What is the remainder when 5717522 is divided by 2858744?
34
What is the remainder when 6356107 is divided by 3178044?
19
What is the remainder when 74608 is divided by 8276?
124
Calculate the remainder when 8756373 is divided by 371.
31
What is the remainder when 74208 is divided by 848?
432
What is the remainder when 1107797 is divided by 1723?
1631
What is the remainder when 18926 is divided by 320?
46
Calculate the remainder when 39111158 is divided by 824.
822
Calculate the remainder when 584737 is divided by 5268.
5257
What is the remainder when 9387713 is divided by 4395?
4388
Calculate the remainder when 651742 is divided by 651728.
14
Calculate the remainder when 4491639 is divided by 2026.
2023
What is the remainder when 693857 is divided by 797?
467
Calculate the remainder when 1035439 is divided by 1720.
1719
What is the remainder when 1016060 is divided by 507?
32
What is the remainder when 16094 is divided by 562?
358
Calculate the remainder when 10451208 is divided by 184.
8
Calculate the remainder when 32283370 is divided by 597.
595
What is the remainder when 11815484 is divided by 15?
14
What is the remainder when 248405 is divided by 49675?
30
What is the remainder when 62806 is divided by 8721?
1759
What is the remainder when 1299813 is divided by 649764?
285
What is the remainder when 211353 is divided by 518?
9
What is the remainder when 4430337 is divided by 1476776?
9
Calculate the remainder when 91907508 is divided by 15708.
0
What is the remainder when 497076 is divided by 45?
6
What is the remainder when 3131753 is divided by 3314?
23
Calculate the remainder when 139179 is divided by 844.
763
Calculate the remainder when 67044 is divided by 33310.
424
Calculate the remainder when 254903 is divided by 716.
7
What is the remainder when 30852 is divided by 29429?
1423
Calculate the remainder when 3126254 is divided by 67.
34
Calculate the remainder when 67200 is divided by 5455.
1740
Calculate the remainder when 1513109 is divided by 275.
59
What is the remainder when 34708 is divided by 1984?
980
What is the remainder when 1621319 is divided by 17248?
7
Calculate the remainder when 1073339 is divided by 9.
8
What is the remainder when 661617 is divided by 330776?
65
Calculate the remainder when 2217299 is divided by 34.
23
Calculate the remainder when 299286 is divided by 1657.
1026
Calculate the remainder when 1179806 is divided by 4139.
191
Calculate the remainder when 64057258 is divided by 5.
3
What is the remainder when 312450923 is divided by 7025?
7023
What is the remainder when 75438674 is divided by 7?
3
Calculate the remainder when 419806554 is divided by 2423.
2420
What is the remainder when 48203882 is divided by 22?
12
Calculate the remainder when 217064 is divided by 222.
170
Calculate the remainder when 37171880 is divided by 626.
0
Calculate the remainder when 434162848 is divided by 150.
148
What is the remainder when 7491802 is divided by 11?
10
Calculate the remainder when 2129017 is divided by 63.
58
Calculate the remainder when 2743623 is divided by 2335.
2333
Calculate the remainder when 3097343 is divided by 385.
18
Calculate the remainder when 209495 is divided by 2455.
820
What is the remainder when 2333305 is d